Let z be (-2)/((-30)/25 + 1). Suppose 17 = 3*q + 41. Let j(u) = -2*u - 11. Let a be j(q). Calculate the greatest common factor of a and z.
5
Let l(f) = f**2 + f + 14. Let n be l(0). Calculate the highest common divisor of n and 14.
14
Let f be (-2 + 3)/(4/12). Let r be ((-150)/f)/((-6)/33). What is the highest common factor of 25 and r?
25
Let w = -148 - -257. Let p = -76 + w. Suppose -3*n + n + 6 = 0. What is the highest common divisor of n and p?
3
Suppose -g - 3*m + 7 = 2*m, g = 5*m - 3. Suppose 0 = -3*v + g*v + 18. What is the highest common divisor of v and 18?
18
Let s = -21 - -31. Suppose 0 = w - 4*w + 120. Calculate the greatest common divisor of s and w.
10
Let x = 17 + -14. Suppose 4*b + 4*j = -52, -3*j - 9 = 4*b + 38. Let n be -44*(2 + 22/b). Calculate the greatest common factor of n and x.
3
Let u(q) = q - 2 - 8*q + q**3 - 1 - 3*q**2. Let k be u(7). Let p(t) = 2*t**2 + 4*t + 2. Let m be p(-4). What is the greatest common factor of k and m?
18
Let g(l) = 15*l + 8. Let o(d) = 8*d + 4. Let n(c) = -6*g(c) + 11*o(c). Let q be n(-3). Calculate the greatest common factor of 10 and q.
2
Let l(h) be the first derivative of h**3/3 - 3*h**2/2 + 5*h - 3. Let o be l(4). What is the highest common factor of o and 72?
9
Let w = 12 + -7. Suppose 0 = w*x - 30 + 5. Suppose -2*s - 3*f = -23, s = 2*f + x + 3. Calculate the greatest common factor of s and 2.
2
Suppose 27 + 23 = 5*p. Let f be (-2)/(1 - (-51)/(-45)). Let t be (2/6)/(1/f). Calculate the greatest common divisor of t and p.
5
Let p = -8 - -18. Let x be (5 + 1)/(8/20). Calculate the greatest common factor of x and p.
5
Let p(q) = q**3 - 6*q**2 - 7*q + 6. Let v = -27 + 14. Let a = -6 - v. Let x be p(a). Calculate the highest common factor of 18 and x.
6
Let s be 3/(-4) - 194/8. Let t = s + 39. Calculate the highest common divisor of 28 and t.
14
Let y(l) = l**3 - 5*l**2 + 2*l - 6. Let o be y(5). Let b(z) = z**3 - 2*z**2 + 3*z + 4. Let n be b(o). Calculate the greatest common factor of n and 16.
16
Let i = 0 - -2. Suppose -i*w = 3*w - 15, 6 = 3*x - 3*w. Suppose 5*k + 120 = 4*l, 4*k + 17 = l + 6*k. What is the highest common divisor of x and l?
5
Suppose -10*o + 91 - 1 = 0. What is the greatest common factor of o and 72?
9
Let k be ((-100)/(-5))/((-2)/(-6)). Calculate the greatest common divisor of 12 and k.
12
Suppose -2*d - 4*m + 9*m + 122 = 0, -214 = -4*d - 5*m. Let p(q) = -q**2 + 6*q + 7. Let s be p(6). Calculate the highest common factor of d and s.
7
Suppose o - 3*d - 19 - 86 = 0, 5*o + 2*d - 593 = 0. Calculate the highest common factor of o and 13.
13
Let r(b) = 4*b + 3. Let k be r(5). Suppose p - k = -7. Let s(w) = 2*w. Let z be s(2). What is the highest common divisor of z and p?
4
Let y be (12 + -9)*76/6. Suppose -16 = -3*l + y. Calculate the highest common divisor of 36 and l.
18
Let j be 2 - (2 + -1) - -35. Suppose 0 = -5*y - 2*u - 34, 8*y - 3*y = -5*u - 40. Let x be (-70)/(-3) - 4/y. What is the greatest common divisor of j and x?
12
Let r(h) = -h**3 + 12*h**2 - 20*h + 15. Let j be r(10). Calculate the highest common factor of j and 120.
15
Suppose 5*d - 7 = 4*t, d = -3*t - t + 11. Let w be 52/12*d + 2. What is the highest common divisor of 165 and w?
15
Let p = 3 + 4. What is the greatest common factor of 14 and p?
7
Suppose 34 = 2*b - 26. What is the greatest common factor of 15 and b?
15
Let v = -20 - -49. Suppose -5*t + 3*f = -v, 3*f + 2 + 7 = 0. Let s be ((-32)/(-20))/(t/10). Calculate the greatest common factor of 6 and s.
2
Suppose 2*f + 2*p + 2 = 4*f, 4*p - 6 = -f. Let r be 11/f*(5 - -1). Suppose 3 = 3*q - r. Calculate the greatest common factor of q and 3.
3
Suppose 8*a = 6*a + 74. What is the greatest common factor of a and 333?
37
Suppose -5*j = 2*d - 2906, -5*d + 333 = -j + 925. Let p be j/9 - (-2)/(-3). Suppose 0 = -3*o + o + 16. What is the greatest common factor of p and o?
8
Suppose -5*h + 31 = -19. Suppose 9*r + 4*r - 52 = 0. Calculate the greatest common factor of r and h.
2
Suppose 64 = -6*o + 2*o. Let s be (o/(-6) - 1)*3. Let q(i) = i - 3. Let h be q(8). Calculate the highest common factor of h and s.
5
Suppose 5*f - 271 = 3*c, -5*f + 5*c = -0*c - 265. Suppose 4*y - 9 = -33. Let w = y + 14. Calculate the greatest common divisor of f and w.
8
Let x(l) = -3*l. Let m be x(1). Let g be 2/(-2) - (90 - m). Let i be (-2)/(-4) + g/(-4). Calculate the greatest common divisor of 3 and i.
3
Suppose v - 6 = -4*t + 31, -v = -1. What is the greatest common divisor of t and 36?
9
Let r = 820 + -460. Suppose 3*k - 8*k = -r. Calculate the highest common factor of k and 18.
18
Let t(s) = 16*s**2 + 3*s + 1. Suppose 4 = -2*n + 3*n. Suppose n*j - 15 = -j. Let h be t(j). Calculate the greatest common factor of h and 14.
14
Let t(z) = -5 + 2*z**3 - 3*z**2 - z**3 - 5*z + 0*z**3. Let v be t(5). What is the highest common factor of v and 80?
20
Let h = -19 + 42. Let u be ((-40)/6)/(2/(-69)). What is the greatest common divisor of u and h?
23
Suppose 2*a = -4*h + 652, a - 4*a - 177 = -h. Calculate the greatest common factor of h and 110.
55
Suppose 4*i = 4*c - 0*c - 40, -4*i = -8. Calculate the highest common factor of c and 18.
6
Suppose 5*g + 28 = 103. Let p be g/4 - 2/(-8). Suppose 0 = -4*f - 20, 2*f = b - 23 + 9. What is the greatest common factor of p and b?
4
Let j = -34 - -23. Let s = 15 + j. Suppose f = -s*f + 25. Calculate the highest common factor of 25 and f.
5
Let c(l) = -6*l + 12. Let i be c(-3). Calculate the greatest common divisor of i and 75.
15
Suppose q - 7 = 4. Let m be (4/(-6))/(16/(-2904)). What is the highest common factor of m and q?
11
Suppose -3*r + 1 = -8. Let g be (1/2)/((-2)/(-32)). Suppose 0 = -2*y + g + 22. What is the greatest common divisor of r and y?
3
Let r = -2 + -1. Let a be 8/(-6)*r/2. Suppose -11 = -3*q + 2*b, 2*q + a = -2*b + b. What is the greatest common divisor of 8 and q?
1
Let a be 10/4*(-416)/(-40). What is the greatest common factor of a and 52?
26
Suppose -3*o - 4*c = o - 32, -4*o + 23 = c. Suppose 5*q - 10 = o. Suppose -q*b - 2*b + 45 = 0. What is the highest common divisor of b and 72?
9
Let g be (8 - -208)*(-2)/(-4). Calculate the highest common divisor of 27 and g.
27
Suppose -5*o - 10 = -145. Suppose 3*n = -n - 4*z + 12, 2*n = 5*z + o. What is the greatest common divisor of n and 15?
3
Suppose 17 = -2*t - 5*m, -t - m = -4*t + 17. Let j = -93 - -137. What is the greatest common divisor of j and t?
4
Suppose -2*g - m + 5*m + 32 = 0, 0 = -3*m - 3. What is the greatest common divisor of g and 35?
7
Let y be (10 + 0)*40/25. Let d = y + -1. Calculate the greatest common factor of d and 60.
15
Suppose -7 = -4*q + 45. Let h = 83 + -38. Let b = 98 + h. Calculate the greatest common factor of b and q.
13
Suppose 5*w = h + 1, -w + 5*w - 12 = 0. Let n be 10/(-20) + (-170)/(-4). What is the greatest common divisor of n and h?
14
Let p = -24 - -32. Suppose 0 = -4*f + 269 - 45. Calculate the highest common divisor of f and p.
8
Suppose 0 = 2*u + 2*z - 6, -4*u - 6 = -5*z - 0. Let m be 2 - (-45 - (u - 3)). Suppose 5*t - 44 = 1. What is the highest common factor of t and m?
9
Let y = -23 - -107. What is the greatest common factor of y and 12?
12
Let c(n) = -n**3 - 6*n**2 - 7*n + 9. Let r be c(-7). Let j = -8 + r. Calculate the highest common divisor of j and 11.
11
Let v(d) = d**3 - 13*d**2 + 16*d + 18. Let g be v(12). Calculate the highest common divisor of 22 and g.
22
Suppose 107 = 4*s + u + 23, -3*u - 8 = -s. Calculate the greatest common factor of 4 and s.
4
Let a = 18 - 8. Let m = 24 - -86. Calculate the greatest common divisor of m and a.
10
Suppose 15 = 2*f - 19. What is the highest common factor of 153 and f?
17
Suppose 0 = 2*o - 3*o. Let t be (1 - (-1 - o)) + -110. Let v = -33 - t. Calculate the greatest common divisor of v and 30.
15
Let x(v) = 17*v**2 + 4*v - 10. Let i be x(2). Let t be ((-6)/(-8))/(1/8). What is the greatest common factor of t and i?
6
Let w(x) = x - 6. Let u be w(9). Let b(s) = -5*s**2 + 2*s**3 + 2 - 5*s**u + 2*s**2 - 2*s. Let v be b(-2). Calculate the greatest common divisor of v and 12.
6
Let n be (-3)/(-2) + (-4)/(-8). Suppose n*i - 3*c - 61 = 0, -i + c = -4*c - 13. Let k = -27 + i. What is the highest common divisor of 11 and k?
11
Let j(g) = -g**3 - 2*g**2 + g - 3. Let z be j(-3). Suppose 2*a = -z*i + 5, 22 = 2*a